 29 is divided by 6.
5
Calculate the remainder when 418 is divided by 379.
39
Calculate the remainder when 161 is divided by 41.
38
Calculate the remainder when 228 is divided by 47.
40
What is the remainder when 19709 is divided by 154?
151
Calculate the remainder when 198 is divided by 50.
48
What is the remainder when 11 is divided by 3?
2
Calculate the remainder when 7802 is divided by 22.
14
Calculate the remainder when 1826 is divided by 20.
6
What is the remainder when 127 is divided by 40?
7
Calculate the remainder when 10405 is divided by 22.
21
Calculate the remainder when 864 is divided by 186.
120
What is the remainder when 1336 is divided by 103?
100
Calculate the remainder when 205 is divided by 30.
25
What is the remainder when 2206 is divided by 550?
6
What is the remainder when 396 is divided by 376?
20
What is the remainder when 216 is divided by 33?
18
Calculate the remainder when 129 is divided by 12.
9
Calculate the remainder when 74 is divided by 62.
12
What is the remainder when 229 is divided by 58?
55
What is the remainder when 880 is divided by 287?
19
What is the remainder when 844 is divided by 49?
11
What is the remainder when 139 is divided by 36?
31
Calculate the remainder when 13259 is divided by 130.
129
What is the remainder when 2969 is divided by 30?
29
What is the remainder when 282 is divided by 57?
54
Calculate the remainder when 249 is divided by 16.
9
Calculate the remainder when 1024 is divided by 254.
8
Calculate the remainder when 1953 is divided by 65.
3
Calculate the remainder when 71 is divided by 25.
21
What is the remainder when 2078 is divided by 9?
8
What is the remainder when 63 is divided by 59?
4
What is the remainder when 328 is divided by 56?
48
Calculate the remainder when 1305 is divided by 63.
45
What is the remainder when 39 is divided by 24?
15
Calculate the remainder when 51168 is divided by 43.
41
What is the remainder when 440 is divided by 17?
15
Calculate the remainder when 221 is divided by 160.
61
Calculate the remainder when 48160 is divided by 17.
16
What is the remainder when 2946 is divided by 173?
5
What is the remainder when 1525 is divided by 754?
17
What is the remainder when 32 is divided by 9?
5
What is the remainder when 55 is divided by 55?
0
Calculate the remainder when 323 is divided by 65.
63
What is the remainder when 48 is divided by 17?
14
What is the remainder when 550 is divided by 29?
28
What is the remainder when 1061 is divided by 528?
5
Calculate the remainder when 506 is divided by 87.
71
Calculate the remainder when 550 is divided by 6.
4
What is the remainder when 25 is divided by 13?
12
What is the remainder when 892 is divided by 891?
1
Calculate the remainder when 58 is divided by 43.
15
What is the remainder when 143 is divided by 72?
71
Calculate the remainder when 86 is divided by 7.
2
Calculate the remainder when 586 is divided by 63.
19
Calculate the remainder when 9934 is divided by 108.
106
What is the remainder when 33 is divided by 25?
8
Calculate the remainder when 23 is divided by 8.
7
Calculate the remainder when 878 is divided by 20.
18
What is the remainder when 1308 is divided by 109?
0
Calculate the remainder when 2792 is divided by 398.
6
What is the remainder when 94 is divided by 19?
18
What is the remainder when 1541 is divided by 67?
0
What is the remainder when 512 is divided by 20?
12
Calculate the remainder when 152 is divided by 23.
14
What is the remainder when 414 is divided by 8?
6
Calculate the remainder when 312 is divided by 98.
18
Calculate the remainder when 249 is divided by 133.
116
What is the remainder when 987 is divided by 143?
129
Calculate the remainder when 59 is divided by 27.
5
Calculate the remainder when 223 is divided by 107.
9
What is the remainder when 304 is divided by 44?
40
Calculate the remainder when 7436 is divided by 60.
56
What is the remainder when 186 is divided by 57?
15
What is the remainder when 4730 is divided by 52?
50
What is the remainder when 663 is divided by 51?
0
What is the remainder when 111 is divided by 41?
29
Calculate the remainder when 2111 is divided by 66.
65
Calculate the remainder when 1358 is divided by 678.
2
Calculate the remainder when 7841 is divided by 97.
81
Calculate the remainder when 1545 is divided by 15.
0
What is the remainder when 55 is divided by 10?
5
Calculate the remainder when 98 is divided by 49.
0
What is the remainder when 254 is divided by 80?
14
What is the remainder when 7724 is divided by 3856?
12
Calculate the remainder when 153 is divided by 13.
10
What is the remainder when 263 is divided by 75?
38
Calculate the remainder when 215 is divided by 17.
11
Calculate the remainder when 31 is divided by 17.
14
What is the remainder when 125 is divided by 22?
15
What is the remainder when 145 is divided by 18?
1
Calculate the remainder when 34 is divided by 9.
7
Calculate the remainder when 634 is divided by 23.
13
Calculate the remainder when 11136 is divided by 79.
76
What is the remainder when 54 is divided by 50?
4
What is the remainder when 275 is divided by 44?
11
Calculate the remainder when 369 is divided by 76.
65
Calculate the remainder when 857 is divided by 129.
83
Calculate the remainder when 581 is divided by 157.
110
Calculate the remainder when 193 is divided by 92.
9
What is the remainder when 105 is divided by 22?
17
Calculate the remainder when 182 is divided by 5.
2
What is the remainder when 193 is divided by 50?
43
What is the remainder when 131 is divided by 17?
12
What is the remainder when 1763 is divided by 59?
52
Calculate the remainder when 2970 is divided by 25.
20
What is the remainder when 48 is divided by 31?
17
What is the remainder when 412 is divided by 78?
22
What is the remainder when 14381 is divided by 35?
31
What is the remainder when 19208 is divided by 9?
2
Calculate the remainder when 13979 is divided by 12.
11
What is the remainder when 2067 is divided by 114?
15
Calculate the remainder when 70 is divided by 18.
16
Calculate the remainder when 550 is divided by 113.
98
What is the remainder when 1078 is divided by 169?
64
What is the remainder when 176 is divided by 168?
8
What is the remainder when 463 is divided by 107?
35
Calculate the remainder when 727 is divided by 17.
13
Calculate the remainder when 7761 is divided by 7.
5
What is the remainder when 227 is divided by 75?
2
What is the remainder when 891 is divided by 50?
41
What is the remainder when 541 is divided by 3?
1
Calculate the remainder when 1339 is divided by 3.
1
Calculate the remainder when 125 is divided by 50.
25
What is the remainder when 167 is divided by 56?
55
What is the remainder when 1009 is divided by 92?
89
What is the remainder when 66 is divided by 49?
17
What is the remainder when 45 is divided by 6?
3
What is the remainder when 66756 is divided by 51?
48
Calculate the remainder when 226 is divided by 216.
10
What is the remainder when 1780 is divided by 266?
184
Calculate the remainder when 4889 is divided by 83.
75
Calculate the remainder when 2437 is divided by 607.
9
Calculate the remainder when 6859 is divided by 312.
307
What is the remainder when 227 is divided by 107?
13
What is the remainder when 1116 is divided by 160?
156
What is the remainder when 4467 is divided by 892?
7
What is the remainder when 18822 is divided by 8?
6
Calculate the remainder when 265 is divided by 16.
9
What is the remainder when 3927 is divided by 6?
3
Calculate the remainder when 51 is divided by 16.
3
What is the remainder when 1391 is divided by 127?
121
Calculate the remainder when 1701 is divided by 46.
45
What is the remainder when 199 is divided by 193?
6
What is the remainder when 242 is divided by 103?
36
What is the remainder when 253 is divided by 33?
22
What is the remainder when 3520 is divided by 98?
90
What is the remainder when 205 is divided by 41?
0
What is the remainder when 397 is divided by 50?
47
What is the remainder when 357 is divided by 96?
69
What is the remainder when 201 is divided by 23?
17
Calculate the remainder when 351 is divided by 4.
3
What is the remainder when 93059 is divided by 198?
197
Calculate the remainder when 103 is divided by 34.
1
What is the remainder when 56 is divided by 44?
12
Ca